{"id":2606,"date":"2020-06-09T09:48:34","date_gmt":"2020-06-09T05:48:34","guid":{"rendered":"https:\/\/www.declikeco.re\/?page_id=2606"},"modified":"2025-07-31T10:32:47","modified_gmt":"2025-07-31T06:32:47","slug":"noteco","status":"publish","type":"page","link":"https:\/\/www.declikeco.re\/index.php\/accueil\/noteco\/","title":{"rendered":"noteco"},"content":{"rendered":"<div id=\"pl-2606\"  class=\"panel-layout\" ><div id=\"pg-2606-0\"  class=\"panel-grid panel-no-style\" ><div id=\"pgc-2606-0-0\"  class=\"panel-grid-cell\" ><div id=\"panel-2606-0-0-0\" class=\"so-panel widget widget_sow-headline panel-first-child\" data-index=\"0\" ><div class=\"panel-widget-style panel-widget-style-for-2606-0-0-0\" ><div\n\t\t\t\n\t\t\tclass=\"so-widget-sow-headline so-widget-sow-headline-default-e7f3fe1b5acc-2606\"\n\t\t\t\n\t\t><div class=\"sow-headline-container \">\n\t\t\t\t\t\t\t<h1 class=\"sow-headline\">\n\t\t\t\t\t\tNOTECO\t\t\t\t\t\t<\/h1>\n\t\t\t\t\t\t\t\t\t\t\t<div class=\"decoration\">\n\t\t\t\t\t\t<div class=\"decoration-inside\"><\/div>\n\t\t\t\t\t<\/div>\n\t\t\t\t\t<\/div>\n<\/div><\/div><\/div><div id=\"panel-2606-0-0-1\" class=\"so-panel widget widget_text panel-last-child\" data-index=\"1\" >\t\t\t<div class=\"textwidget\"><p><span style=\"font-size: large;\"><strong>Dans cette section vous aurez \u00e0 votre disposition les notes sectorielles ou territoriales publi\u00e9es par l&rsquo;Observatoire \u00e9conomique de la CCI \u00cele de La R\u00e9union, ainsi que nos \u00e9tudes et les publications de nos partenaires.<\/strong><\/span><\/strong><\/p>\n<\/div>\n\t\t<\/div><\/div><\/div><div id=\"pg-2606-1\"  class=\"panel-grid panel-no-style\" ><div id=\"pgc-2606-1-0\"  class=\"panel-grid-cell\" ><div id=\"panel-2606-1-0-0\" class=\"so-panel widget widget_text panel-first-child panel-last-child\" data-index=\"2\" ><h3 class=\"widget-title\">Nos publications<\/h3>\t\t\t<div class=\"textwidget\"><\/div>\n\t\t<\/div><\/div><\/div><div id=\"pg-2606-2\"  class=\"panel-grid panel-no-style\" ><div id=\"pgc-2606-2-0\"  class=\"panel-grid-cell\" ><div id=\"panel-2606-2-0-0\" class=\"so-panel widget widget_media_image panel-first-child panel-last-child\" data-index=\"3\" ><div class=\"noteco-img panel-widget-style panel-widget-style-for-2606-2-0-0\" id=\"portrait_article\" ><h3 class=\"widget-title\">Nos portraits de territoire<\/h3><a href=\"https:\/\/www.declikeco.re\/index.php\/portrait-de-territoire-2\/\" target=\"_blank\"><img loading=\"lazy\" decoding=\"async\" width=\"300\" height=\"116\" src=\"https:\/\/www.declikeco.re\/wp-content\/uploads\/2020\/12\/portrait-300x116.png\" class=\"image wp-image-4224  attachment-medium size-medium\" alt=\"\" style=\"max-width: 100%; height: auto;\" srcset=\"https:\/\/www.declikeco.re\/wp-content\/uploads\/2020\/12\/portrait-300x116.png 300w, https:\/\/www.declikeco.re\/wp-content\/uploads\/2020\/12\/portrait-520x201.png 520w, https:\/\/www.declikeco.re\/wp-content\/uploads\/2020\/12\/portrait.png 557w\" sizes=\"auto, (max-width: 300px) 100vw, 300px\" \/><\/a><\/div><\/div><\/div><div id=\"pgc-2606-2-1\"  class=\"panel-grid-cell\" ><div id=\"panel-2606-2-1-0\" class=\"so-panel widget widget_media_image panel-first-child panel-last-child\" data-index=\"4\" ><div class=\"noteco-img panel-widget-style panel-widget-style-for-2606-2-1-0\" id=\"NosEtudes_articles\" ><h3 class=\"widget-title\">Nos Etudes<\/h3><a href=\"https:\/\/www.declikeco.re\/index.php\/2020\/06\/16\/nos-etudes\/\" target=\"_blank\"><img loading=\"lazy\" decoding=\"async\" width=\"300\" height=\"115\" src=\"https:\/\/www.declikeco.re\/wp-content\/uploads\/2020\/12\/nosetudes-300x115.png\" class=\"image wp-image-4226  attachment-medium size-medium\" alt=\"\" style=\"max-width: 100%; height: auto;\" srcset=\"https:\/\/www.declikeco.re\/wp-content\/uploads\/2020\/12\/nosetudes-300x115.png 300w, https:\/\/www.declikeco.re\/wp-content\/uploads\/2020\/12\/nosetudes-520x199.png 520w, https:\/\/www.declikeco.re\/wp-content\/uploads\/2020\/12\/nosetudes.png 558w\" sizes=\"auto, (max-width: 300px) 100vw, 300px\" \/><\/a><\/div><\/div><\/div><div id=\"pgc-2606-2-2\"  class=\"panel-grid-cell\" ><div id=\"panel-2606-2-2-0\" class=\"so-panel widget widget_media_image panel-first-child panel-last-child\" data-index=\"5\" ><div class=\"noteco-img panel-widget-style panel-widget-style-for-2606-2-2-0\" id=\"Fiches_sectorielles_articles\" ><h3 class=\"widget-title\">Fiches sectorielles<\/h3><a href=\"https:\/\/www.declikeco.re\/index.php\/2020\/06\/16\/fichesectorielle\/\" target=\"_blank\"><img loading=\"lazy\" decoding=\"async\" width=\"300\" height=\"116\" src=\"https:\/\/www.declikeco.re\/wp-content\/uploads\/2020\/12\/fiche-300x116.png\" class=\"image wp-image-4225  attachment-medium size-medium\" alt=\"\" style=\"max-width: 100%; height: auto;\" srcset=\"https:\/\/www.declikeco.re\/wp-content\/uploads\/2020\/12\/fiche-300x116.png 300w, https:\/\/www.declikeco.re\/wp-content\/uploads\/2020\/12\/fiche-520x201.png 520w, https:\/\/www.declikeco.re\/wp-content\/uploads\/2020\/12\/fiche.png 558w\" sizes=\"auto, (max-width: 300px) 100vw, 300px\" \/><\/a><\/div><\/div><\/div><\/div><div id=\"pg-2606-3\"  class=\"panel-grid panel-no-style\" ><div id=\"pgc-2606-3-0\"  class=\"panel-grid-cell panel-grid-cell-empty\" ><\/div><\/div><div id=\"pg-2606-4\"  class=\"panel-grid panel-no-style\" ><div id=\"pgc-2606-4-0\"  class=\"panel-grid-cell\" ><div id=\"panel-2606-4-0-0\" class=\"so-panel widget widget_text panel-first-child panel-last-child\" data-index=\"6\" ><div class=\"panel-widget-style panel-widget-style-for-2606-4-0-0\" ><h3 class=\"widget-title\">Les publications de nos partenaires<\/h3>\t\t\t<div class=\"textwidget\"><\/div>\n\t\t<\/div><\/div><\/div><\/div><div id=\"pg-2606-5\"  class=\"panel-grid panel-no-style\" ><div id=\"pgc-2606-5-0\"  class=\"panel-grid-cell\" ><div id=\"panel-2606-5-0-0\" class=\"so-panel widget widget_media_image panel-first-child panel-last-child\" data-index=\"7\" ><div class=\"noteco-img panel-widget-style panel-widget-style-for-2606-5-0-0\" id=\"iedom_noteco\" ><h3 class=\"widget-title\">IEDOM<\/h3><a href=\"http:\/\/www.declikeco.re\/index.php\/2018\/06\/27\/fiche-sectorielle-de-liedom\/\"><img loading=\"lazy\" decoding=\"async\" width=\"130\" height=\"130\" src=\"https:\/\/www.declikeco.re\/wp-content\/uploads\/2018\/06\/siteon0-1-e1530095050525.png\" class=\"image wp-image-734  attachment-full size-full\" alt=\"\" style=\"max-width: 100%; height: auto;\" \/><\/a><\/div><\/div><\/div><div id=\"pgc-2606-5-1\"  class=\"panel-grid-cell\" ><div id=\"panel-2606-5-1-0\" class=\"so-panel widget widget_media_image panel-first-child panel-last-child\" data-index=\"8\" ><div class=\"noteco-img panel-widget-style panel-widget-style-for-2606-5-1-0\" id=\"insee_noteco\" ><h3 class=\"widget-title\">INSEE<\/h3><a href=\"http:\/\/www.declikeco.re\/index.php\/2018\/06\/27\/ficheinsee\/\"><img loading=\"lazy\" decoding=\"async\" width=\"100\" height=\"100\" src=\"https:\/\/www.declikeco.re\/wp-content\/uploads\/2018\/06\/412_view-e1597835367196.jpg\" class=\"image wp-image-728  attachment-full size-full\" alt=\"\" style=\"max-width: 100%; height: auto;\" \/><\/a><\/div><\/div><\/div><div id=\"pgc-2606-5-2\"  class=\"panel-grid-cell\" ><div id=\"panel-2606-5-2-0\" class=\"so-panel widget widget_media_image panel-first-child panel-last-child\" data-index=\"9\" ><div class=\"noteco-img panel-widget-style panel-widget-style-for-2606-5-2-0\" id=\"cerom_noteco\" ><h3 class=\"widget-title\">CEROM<\/h3><a href=\"http:\/\/www.declikeco.re\/index.php\/2018\/11\/14\/fiche-sectorielle-du-cerom\/\"><img loading=\"lazy\" decoding=\"async\" width=\"150\" height=\"114\" src=\"https:\/\/www.declikeco.re\/wp-content\/uploads\/2020\/08\/ceromlogo-e1597836679803.png\" class=\"image wp-image-3643  attachment-full size-full\" alt=\"\" style=\"max-width: 100%; height: auto;\" \/><\/a><\/div><\/div><\/div><\/div><div id=\"pg-2606-6\"  class=\"panel-grid panel-no-style\" ><div id=\"pgc-2606-6-0\"  class=\"panel-grid-cell panel-grid-cell-empty\" ><\/div><div id=\"pgc-2606-6-1\"  class=\"panel-grid-cell panel-grid-cell-mobile-last\" ><div id=\"panel-2606-6-1-0\" class=\"so-panel widget widget_media_image panel-first-child panel-last-child\" data-index=\"10\" ><div class=\"noteco-img panel-widget-style panel-widget-style-for-2606-6-1-0\" id=\"insee_noteco\" ><h3 class=\"widget-title\">Xerfi<\/h3><a href=\"https:\/\/www.declikeco.re\/index.php\/2025\/07\/07\/publications-xerfi\/\"><img loading=\"lazy\" decoding=\"async\" width=\"180\" height=\"80\" src=\"https:\/\/www.declikeco.re\/wp-content\/uploads\/2025\/07\/Xerfi_Leconomie_reelle-2.png\" class=\"image wp-image-7307  attachment-full size-full\" alt=\"\" style=\"max-width: 100%; height: auto;\" title=\"Xerfi\" \/><\/a><\/div><\/div><\/div><div id=\"pgc-2606-6-2\"  class=\"panel-grid-cell panel-grid-cell-empty\" ><\/div><\/div><\/div>","protected":false},"excerpt":{"rendered":"<p>Dans cette section vous aurez \u00e0 votre disposition les notes sectorielles ou territoriales publi\u00e9es par l&rsquo;Observatoire \u00e9conomique de la CCI \u00cele de La R\u00e9union, ainsi que nos \u00e9tudes et les publications de nos partenaires.<\/p>\n","protected":false},"author":7,"featured_media":0,"parent":9,"menu_order":0,"comment_status":"closed","ping_status":"closed","template":"page-templates\/page_fullwidth.php","meta":{"pmpro_default_level":0,"_monsterinsights_skip_tracking":false,"_monsterinsights_sitenote_active":false,"_monsterinsights_sitenote_note":"","_monsterinsights_sitenote_category":0,"footnotes":""},"class_list":["post-2606","page","type-page","status-publish","hentry","pmpro-has-access"],"_links":{"self":[{"href":"https:\/\/www.declikeco.re\/index.php\/wp-json\/wp\/v2\/pages\/2606","targetHints":{"allow":["GET"]}}],"collection":[{"href":"https:\/\/www.declikeco.re\/index.php\/wp-json\/wp\/v2\/pages"}],"about":[{"href":"https:\/\/www.declikeco.re\/index.php\/wp-json\/wp\/v2\/types\/page"}],"author":[{"embeddable":true,"href":"https:\/\/www.declikeco.re\/index.php\/wp-json\/wp\/v2\/users\/7"}],"replies":[{"embeddable":true,"href":"https:\/\/www.declikeco.re\/index.php\/wp-json\/wp\/v2\/comments?post=2606"}],"version-history":[{"count":299,"href":"https:\/\/www.declikeco.re\/index.php\/wp-json\/wp\/v2\/pages\/2606\/revisions"}],"predecessor-version":[{"id":7255,"href":"https:\/\/www.declikeco.re\/index.php\/wp-json\/wp\/v2\/pages\/2606\/revisions\/7255"}],"up":[{"embeddable":true,"href":"https:\/\/www.declikeco.re\/index.php\/wp-json\/wp\/v2\/pages\/9"}],"wp:attachment":[{"href":"https:\/\/www.declikeco.re\/index.php\/wp-json\/wp\/v2\/media?parent=2606"}],"curies":[{"name":"wp","href":"https:\/\/api.w.org\/{rel}","templated":true}]}}